 - 1. Suppose 4*p + 4*i + 8 = p, 5*p = -2*i + 10. Calculate l(p).
-5
Let n be (-3 - -9)/((-9)/6). Let r(c) = 4*c**2 - 2 - 2 - 195*c**3 + 6 + 196*c**3. What is r(n)?
2
Let i(g) = -3*g**3 - 5*g**2 - 5*g + 2. Let n(w) = 11*w**3 + 22*w**2 + 21*w - 10. Let o(x) = -9*i(x) - 2*n(x). Give o(-1).
-5
Let h(s) be the third derivative of 1/2*s**3 + 0*s - 5/24*s**4 + 1/30*s**5 + 0 + 36*s**2. Determine h(3).
6
Let j(k) = -k**3 + 3*k**2 - 3*k + 3. Let g be j(2). Let z(a) = 0*a - 61473 + 61474 - 2*a**2 - 3*a**3 + 0*a. Calculate z(g).
-4
Let r(n) = n + 7. Let c = -119 + 124. Suppose -3*d = t + c, 3*d = -d. Determine r(t).
2
Suppose -4*x + 3*c = 28, 4*x - c + 8 = 3*x. Let p(i) = -6*i + i**3 - 9*i**2 - 2*i**3 + 3*i**2 - 4. Determine p(x).
-12
Let h(z) = -z - 10. Let f(v) = -v**2 - 22*v + 168. Let u be f(6). Give h(u).
-10
Suppose -4*a = -4 + 20. Let y = a + 7. Suppose 2*l - 7 = 2*v + 1, -13 = -4*l + y*v. Let x(n) = -5*n**3 - n**2 + n - 1. What is x(l)?
-6
Suppose 62*i - 52*i = 0. Let a be -1 - -5 - 2/2. Let m(o) = o - 7 + o**a - 3*o + o. Calculate m(i).
-7
Let x(i) = -i**2 + 5*i - 4. Let n be x(2). Let f(c) = 0 + c**3 + 1 + 5*c**2 + c**n + 5 + 6*c. Determine f(-4).
14
Let o(c) = 3*c**2 + 23*c + 26. Let w be (-23 - -21)/(3/((-18)/4)). Let j(u) = -u**2 - 8*u - 9. Let h(s) = w*o(s) + 8*j(s). Determine h(-5).
6
Let r(f) = f**3 - 7*f**2 - 3*f + 4. Suppose -2*u = -182 + 168. Calculate r(u).
-17
Let g(y) = 4 - 9*y**2 - 5 + 255*y**3 - 254*y**3 + 6*y. What is g(7)?
-57
Let w(q) = -2*q**2 - 79*q + 126. Let a be w(-41). Let d(n) be the first derivative of -1/3*n**a - 3 - n**2 + n. Determine d(-4).
-7
Let k(d) = d**3 + 10*d**2 + 8*d + 2. Suppose -2*m - 33 = 5*t, -5*m - 5*t + 111 = 171. Calculate k(m).
11
Let b(m) = -6*m + 1. Let j(r) = -23*r + 9. Let s(w) = -34*w + 13. Let q(z) = 7*j(z) - 5*s(z). Let a(k) = 8*b(k) + 5*q(k). Calculate a(-4).
10
Let k(c) = -c - 10. Suppose -2*i + d + 8 - 1 = 0, 2*d + 16 = 5*i. Suppose 3*t - 6 = 2*x + i*t, 2*t + 28 = -4*x. Give k(x).
-5
Let u(c) be the third derivative of 2*c**5/15 + c**4/24 - c**3/6 + 5*c**2 + 12. What is u(1)?
8
Let p(c) = -3*c**2 - 3*c - c**2 - 2*c**3 + c**2 - 2. Suppose 239 = 3*v + 44. Let y = 63 - v. Calculate p(y).
8
Let v be -13 - ((-2)/(-1))/(16/(-40)). Let f(m) = -m**3 - 8*m**2 + m + 5. Give f(v).
-3
Let t(a) = a - 14. Let l(d) = 1. Let f(r) = r - 5. Let b be f(6). Let w(m) = b*t(m) + 6*l(m). Let z be w(7). Let v(y) = 9*y + 1. Calculate v(z).
-8
Let d(u) = 9*u**3 - u**2 + 2*u - 1. Suppose 3*i + i - 44 = 0. Let m(q) = q**3 - 10*q**2 - 10*q - 10. Let l be m(i). What is d(l)?
9
Let x be 0/(4 - 1 - 1). Let c(j) = j + 5. Give c(x).
5
Suppose 736 = 9*x + 709. Let t(l) be the third derivative of 5*l**2 - 1/60*l**5 + 0 - 5/24*l**4 + 0*l**x + 0*l. Give t(-4).
4
Suppose 0*o + 2*o + 4*h = 20, -17 = -5*o + h. Let j(b) = -7*b + 9. Let a = 11 - 17. Let g(t) = -20*t + 26. Let s(d) = a*g(d) + 17*j(d). Calculate s(o).
1
Suppose h - 5*h = 12. Let d be 13/h + 0 + 136/(-204). Let b(p) = p**2 + 5*p - 6. Determine b(d).
-6
Suppose -40 = -356*k + 376*k. Let a(r) = r**2 + 3*r + 3. Calculate a(k).
1
Let u be ((-48)/18 + 0)/((-4)/6). Let q be u/2*1*(-5)/10. Let t(z) = -3*z**3 + 2*z**2 + 2*z + 1. Determine t(q).
4
Let w = -170 - -173. Let b(f) be the second derivative of f**2 + 2/3*f**w + 0 - 4*f. What is b(-4)?
-14
Let y(n) be the second derivative of -10*n - 1/2*n**2 + 0 - 1/3*n**3 + 2/3*n**4. Suppose -4*b - 16 = -4*v, 2*b + 5*v = -0 + 13. Determine y(b).
9
Let b(t) = -3*t + 11. Let y(g) = -9*g + 23. Let a(x) = -5*b(x) + 2*y(x). Determine a(-4).
3
Let q(n) be the second derivative of 0*n**2 + 1/6*n**3 - 1/30*n**5 + 6*n + 0 - 1/12*n**4. Let b(g) be the second derivative of q(g). Give b(-2).
6
Let j(x) = -3*x - 4. Let m(n) = -11*n + 5. Let o(g) = 12*g - 6. Let s(q) = 3*m(q) + 2*o(q). Let k be s(1). Give j(k).
14
Let s(w) = 3*w**2 + 8*w - 1. Suppose -7*v + 3*v = -12. Let a be ((-1)/2 - 0)*14. Let n(o) = o**2 + 4*o. Let g(k) = a*n(k) + v*s(k). Determine g(-2).
13
Let d(r) = -2*r + 1. Let n be 45/(-10) + (-1)/(-2). Let l(v) = -3*v - 8. Let t be l(n). What is d(t)?
-7
Let y(a) = -a**2 - 6*a. Let q(s) = 7*s**2 + 3*s - 4. Let b be q(2). Let u = 16 - b. Let t be 86/(-14) - 2/u. Calculate y(t).
0
Let n = 154 - 109. Let m = 45 - n. Let r(s) = s**2 - 12. What is r(m)?
-12
Let x(u) = -1178*u**2 + 1177*u**2 + 4*u + 3*u - 19 + 2*u. Calculate x(6).
-1
Suppose -3*w = -2*y - 6 - 8, 3*y = -w + 1. Let c(u) = 10*u - 16. Let v(m) = -6*m + 9. Let l(k) = -4*c(k) - 7*v(k). Give l(y).
-1
Let v(a) be the third derivative of -a**5/60 + 17*a**4/24 - 5*a**3 + 29*a**2 + 8*a. Determine v(14).
12
Let b be (-178)/14 - 8/28. Let f = -16 - b. Let d(p) = -p**3 - 2*p**2 + 2*p - 3. What is d(f)?
0
Let c(m) be the second derivative of -m**4/12 - 39*m + 1. Let l = -1 - -4. What is c(l)?
-9
Suppose x - 1 = 4*f - 10, 0 = -x - 4*f - 1. Let b = x + 10. Let v(n) = n + 4. Let o(t) = 5. Let l(h) = 3*o(h) - 2*v(h). What is l(b)?
-3
Let b(w) = w**2 - 1. Let j(c) be the second derivative of -13*c**5/20 + c**4/3 + c**3/6 - 3*c**2 + 9*c + 1. Let d(k) = -6*b(k) + j(k). Determine d(1).
-14
Let c = 1 + 6. Let s(w) = 4*w - 4*w + w**2 - w + 9 - w**3 - c. Determine s(0).
2
Let x(k) = k**3 + 4*k**2 - 7*k + 2. Suppose -8 = 4*p - 4, 0 = 2*v + 3*p + 15. Determine x(v).
-28
Let m(o) = 13*o. Suppose 0 = -0*q + 2*q + 8. Let f be (q/3)/((-8)/12). Suppose 2 = -n - f, 7 = -x - 2*n. Determine m(x).
13
Let p(y) = y - 1. Let a(z) = 11*z - 2. Let k(s) = -5*s + 1. Let l(r) = -3*a(r) - 7*k(r). Let g(d) = 2*l(d) - 5*p(d). What is g(7)?
-4
Let b(z) = 14*z**2 + 3*z - 2. Let m be b(1). Let t(x) = 8 + 4 + 9 - x - m. Determine t(6).
0
Let i(j) = j**2 - 6*j + 4. Let v be i(6). Let p(o) = -7*o + 0 - 2*o**2 + 4*o**2 + 4. Give p(v).
8
Let x(r) = -448*r - 3 - 447*r + 2*r**2 + 898*r. Let n = 12 - 6. Let f be 1*n*8/(-12). What is x(f)?
17
Suppose 0 = -14*z - 10 + 38. Let y(f) = f**3 - 2*f**2 + 3*f - 2. Calculate y(z).
4
Suppose 0 = 4*b - 0 + 28. Let u(a) be the first derivative of -a**3/3 - 7*a**2/2 - 4*a - 1707. What is u(b)?
-4
Let w = -1 + 3. Let f(d) = -w - 3 + 2*d + 4 + 6*d. Suppose 5 = -h + 4*y - 0, y - 6 = 5*h. Calculate f(h).
-9
Let c(f) = 2*f**2 + 6*f - 1. Let t be 5/20*(-5 + -7). What is c(t)?
-1
Let m(n) be the third derivative of -n**6/120 + 3*n**5/20 - 3*n**4/8 - 17*n**3/6 + 60*n**2. Determine m(8).
-25
Suppose 0 = 47*b + 20*b + 268. Let v(j) = j + 6. Determine v(b).
2
Let z(l) be the third derivative of -l**4/24 + l**3/6 + 13*l**2. Let v(d) = -12*d + 16. Let u(r) = v(r) - 10*z(r). Determine u(7).
-8
Suppose 5*s = 2*l - 3, 0 = -0*s - 4*s - 3*l - 7. Let a(i) = -4*i**3 - i**2 - i - 1. What is a(s)?
3
Let d(v) = -3*v**3 + 2*v**2 - v + 1. Suppose 3*c - 3*o = 0, 22 - 8 = 5*c + 2*o. Calculate d(c).
-17
Suppose 2*b + 5*j + 3 = 0, -b + 4*j - 1 = -6*b. Let y(t) = -13*t - 10*t + 24*t - 5*t. Calculate y(b).
-4
Let m(g) = 58013*g + 4 - 58011*g - 2. Determine m(-6).
-10
Let v(c) = 2*c + 0 + 2 + 1. Let x be -4*3*(-3)/(6 + 0). What is v(x)?
15
Let g be 2/5 - 931/(-35). Let k(x) = 12*x**3 + 22*x**3 - x - g*x**3. Calculate k(-1).
-6
Let h(d) = -8*d - 2*d - 5 + 0 + 12 + d**2. Suppose -4*o + 4*b + 40 = 0, 10 - 18 = -4*o - 4*b. Calculate h(o).
-17
Let q = 887 - 899. Let i(p) = -p**2 - 16*p - 40. What is i(q)?
8
Suppose 9 = -f + 4*f. Suppose 53 = 2*r + f. Suppose -r = 5*k - 0. Let s(d) = -d**2 - 5*d - 3. Calculate s(k).
-3
Let k(v) = -7*v**3 + 7*v + 4 - 12*v**3 + 7*v**2 - 7*v**3 + 27*v**3 - 2*v**3. Calculate k(8).
-4
Let d(m) = 6*m**2 + m - 4. Let c(v) = -6*v**2 - v + 3. Let k(s) = 4*c(s) + 3*d(s). Let z be k(-1). Let g(t) = -2*t**2 - 6*t + 6. Give g(z).
-14
Suppose -1 = 5*v - 3*v + 5*r, 5*r = -4*v + 3. Suppose 3*i - v*i + 4 = 0. Let w(o) = o**3 + 3*o**2 + 2 + o**2 + o + 0*o**3. What is w(i)?
-2
Let h(c) = -2*c**2 - 13*c + 9. Let s be h(-7). Let b(z) = 10*z**2 + 17 - z**3 - 13*z**2 - 8*z**s + 14*z. Calculate b(-12).
-7
Let l(u) = -4*u**2 - u + 1. Let z(b) = 5*b**2 + b - 4. Let r(s) = 4*l(s) + 3*z(s). What is r(6)?
-50
Let v(d) be the first derivative of -d**4/4 - 2*d**3/3 + d**2/2 - 3*d - 3. Let z = 309 - 312. Give v(z).
3
Suppose -30 = -16*s + 6*s. Let r(q) = -q. Let d(l) = 6*l - 4. Let c(j) = d(j) + 4*r(j). Calculate c(s).
2
Let i(g) = 5*g**2. Let h(r) = -3*r - 6. Let b be h(11). Let j be b*(-12)/(-45)*5. Let t be 33/39 + (-8)/j.